{"id":92,"date":"2013-05-27T08:30:00","date_gmt":"2013-05-27T06:30:00","guid":{"rendered":"http:\/\/cosaclay.fr\/club\/?page_id=92"},"modified":"2020-09-12T15:04:02","modified_gmt":"2020-09-12T13:04:02","slug":"qi-gong","status":"publish","type":"page","link":"https:\/\/cosaclay.fr\/club\/qi-gong\/","title":{"rendered":"Qi Gong"},"content":{"rendered":"<p><a href=\"https:\/\/club-omnisports-saclay.assoconnect.com\/page\/765379-qi-gong\"><strong>Un nouveau site Web a \u00e9t\u00e9 cr\u00e9\u00e9. <span style=\"color: #3366ff;\">Cliquez ici.<\/span><\/strong><\/a><\/p>\n<p><a href=\"https:\/\/club-omnisports-saclay.assoconnect.com\/billetterie\/offre\/150087-u-inscriptions-qi-gong-saison-2020-2021\"><span style=\"color: #00ccff;\"><strong><span style=\"color: #3366ff;\">ou allez directement \u00e0 la page inscription.<\/span><\/strong><\/span><\/a><\/p>\n<p>\u00a0<\/p>\n<p>\u00a0<\/p>\n<table style=\"height: 21px;\" width=\"611\">\n<tbody>\n<tr>\n<td>\u00a0<\/td>\n<td>\u00a0<\/td>\n<td>\u00a0<\/td>\n<\/tr>\n<tr>\n<td>\u00a0<\/td>\n<td>\u00a0<\/td>\n<td>\u00a0<\/td>\n<\/tr>\n<tr>\n<td>\u00a0<\/td>\n<td>\u00a0<\/td>\n<td>\u00a0<\/td>\n<\/tr>\n<tr>\n<td>\u00a0<\/td>\n<td>\u00a0<\/td>\n<td>\u00a0<\/td>\n<\/tr>\n<tr>\n<td>\u00a0<\/td>\n<td>\u00a0<\/td>\n<td>\u00a0<\/td>\n<\/tr>\n<tr>\n<td>\u00a0<\/td>\n<td>\u00a0<\/td>\n<td>\u00a0<\/td>\n<\/tr>\n<\/tbody>\n<\/table>\n\n\n<p><\/p>\n","protected":false},"excerpt":{"rendered":"<p>Un nouveau site Web a \u00e9t\u00e9 cr\u00e9\u00e9. Cliquez ici. ou allez directement \u00e0 la page inscription. \u00a0 \u00a0 \u00a0 \u00a0 \u00a0 \u00a0 \u00a0 \u00a0 \u00a0 \u00a0 \u00a0 \u00a0 \u00a0 \u00a0 \u00a0 \u00a0 \u00a0 \u00a0 \u00a0 \u00a0<\/p>\n","protected":false},"author":1,"featured_media":0,"parent":0,"menu_order":0,"comment_status":"closed","ping_status":"open","template":"","meta":[],"_links":{"self":[{"href":"https:\/\/cosaclay.fr\/club\/wp-json\/wp\/v2\/pages\/92"}],"collection":[{"href":"https:\/\/cosaclay.fr\/club\/wp-json\/wp\/v2\/pages"}],"about":[{"href":"https:\/\/cosaclay.fr\/club\/wp-json\/wp\/v2\/types\/page"}],"author":[{"embeddable":true,"href":"https:\/\/cosaclay.fr\/club\/wp-json\/wp\/v2\/users\/1"}],"replies":[{"embeddable":true,"href":"https:\/\/cosaclay.fr\/club\/wp-json\/wp\/v2\/comments?post=92"}],"version-history":[{"count":18,"href":"https:\/\/cosaclay.fr\/club\/wp-json\/wp\/v2\/pages\/92\/revisions"}],"predecessor-version":[{"id":771,"href":"https:\/\/cosaclay.fr\/club\/wp-json\/wp\/v2\/pages\/92\/revisions\/771"}],"wp:attachment":[{"href":"https:\/\/cosaclay.fr\/club\/wp-json\/wp\/v2\/media?parent=92"}],"curies":[{"name":"wp","href":"https:\/\/api.w.org\/{rel}","templated":true}]}}