{"id":78,"date":"2013-05-23T07:25:20","date_gmt":"2013-05-23T05:25:20","guid":{"rendered":"http:\/\/cosaclay.fr\/club\/?page_id=78"},"modified":"2022-09-06T10:17:26","modified_gmt":"2022-09-06T08:17:26","slug":"gymnastique-volontaire","status":"publish","type":"page","link":"https:\/\/cosaclay.fr\/club\/gymnastique-volontaire\/","title":{"rendered":"Gym-Fitness Saclay"},"content":{"rendered":"<p>Pr\u00e9sidente :Cathy MATHELY<\/p>\n<p>Tr\u00e9sori\u00e8re : Marie-Pierre TREILLARD<\/p>\n<p>Secr\u00e9taire : Jean-Pierre SCHWEITZER<\/p>\n<p><a href=\"https:\/\/lsgymfitness.wixsite.com\/gfsaclay\">Acc\u00e9der au site de la Gymnastique de Saclay<\/a><\/p>\n<p><a href=\"mailto:cmgymfitness@gmail.com\">cmgymfitness@gmail.com<\/a><\/p>\n\n\n<p><\/p>\n","protected":false},"excerpt":{"rendered":"<p>Pr\u00e9sidente :Cathy MATHELY Tr\u00e9sori\u00e8re : Marie-Pierre TREILLARD Secr\u00e9taire : Jean-Pierre SCHWEITZER Acc\u00e9der au site de la Gymnastique de Saclay cmgymfitness@gmail.com<\/p>\n","protected":false},"author":1,"featured_media":0,"parent":0,"menu_order":0,"comment_status":"closed","ping_status":"open","template":"","meta":[],"_links":{"self":[{"href":"https:\/\/cosaclay.fr\/club\/wp-json\/wp\/v2\/pages\/78"}],"collection":[{"href":"https:\/\/cosaclay.fr\/club\/wp-json\/wp\/v2\/pages"}],"about":[{"href":"https:\/\/cosaclay.fr\/club\/wp-json\/wp\/v2\/types\/page"}],"author":[{"embeddable":true,"href":"https:\/\/cosaclay.fr\/club\/wp-json\/wp\/v2\/users\/1"}],"replies":[{"embeddable":true,"href":"https:\/\/cosaclay.fr\/club\/wp-json\/wp\/v2\/comments?post=78"}],"version-history":[{"count":27,"href":"https:\/\/cosaclay.fr\/club\/wp-json\/wp\/v2\/pages\/78\/revisions"}],"predecessor-version":[{"id":942,"href":"https:\/\/cosaclay.fr\/club\/wp-json\/wp\/v2\/pages\/78\/revisions\/942"}],"wp:attachment":[{"href":"https:\/\/cosaclay.fr\/club\/wp-json\/wp\/v2\/media?parent=78"}],"curies":[{"name":"wp","href":"https:\/\/api.w.org\/{rel}","templated":true}]}}