{"id":22,"date":"2013-05-21T07:46:28","date_gmt":"2013-05-21T05:46:28","guid":{"rendered":"http:\/\/cosaclay.fr\/club\/?page_id=22"},"modified":"2018-09-01T09:35:02","modified_gmt":"2018-09-01T07:35:02","slug":"course","status":"publish","type":"page","link":"https:\/\/cosaclay.fr\/club\/course\/","title":{"rendered":"Course et Marche"},"content":{"rendered":"<p>Pr\u00e9sidente : V\u00e9ronique SAINT-AMAND &#8211; T\u00e9l : 01 69 35 08 87<br \/>\n<a href=\"mailto:v.saint-amand@orange.fr\">v.saint-amand@orange.fr<\/a><\/p>\n<p>Le dimanche \u00e0 8h 30 au gymnase de Favreuse pour les d\u00e9parts marche ou course de 2 ou 3h dans les vall\u00e9es proches de Saclay.<\/p>\n<p><a href=\"http:\/\/cosaclay.fr\/Sections\/Course\/p01.png\"><img decoding=\"async\" class=\"alignnone size-full wp-image-114\" src=\"http:\/\/cosaclay.fr\/\/Sections\/Course\/p01.png\" alt=\"Marche\" width=\"400\" \/><\/a><\/p>\n<p><a href=\"http:\/\/cosaclay.fr\/Sections\/Course\/p02.png\"><img decoding=\"async\" class=\"alignnone size-full wp-image-114\" src=\"http:\/\/cosaclay.fr\/\/Sections\/Course\/p02.png\" alt=\"Marche\" width=\"400\" \/><\/a><\/p>\n<p><a href=\"http:\/\/cosaclay.fr\/Sections\/Course\/p03.png\"><img decoding=\"async\" class=\"alignnone size-full wp-image-114\" src=\"http:\/\/cosaclay.fr\/\/Sections\/Course\/p03.png\" alt=\"Marche\" width=\"400\" \/><\/a><\/p>\n<p><a href=\"http:\/\/cosaclay.fr\/Sections\/Course\/p04.png\"><img decoding=\"async\" class=\"alignnone size-full wp-image-114\" src=\"http:\/\/cosaclay.fr\/\/Sections\/Course\/p04.png\" alt=\"Marche\" width=\"400\" \/><\/a><\/p>\n","protected":false},"excerpt":{"rendered":"<p>Pr\u00e9sidente : V\u00e9ronique SAINT-AMAND &#8211; T\u00e9l : 01 69 35 08 87 v.saint-amand@orange.fr Le dimanche \u00e0 8h 30 au gymnase de Favreuse pour les d\u00e9parts marche ou course de 2 ou 3h dans les vall\u00e9es proches de Saclay.<\/p>\n","protected":false},"author":1,"featured_media":0,"parent":0,"menu_order":0,"comment_status":"closed","ping_status":"open","template":"","meta":[],"_links":{"self":[{"href":"https:\/\/cosaclay.fr\/club\/wp-json\/wp\/v2\/pages\/22"}],"collection":[{"href":"https:\/\/cosaclay.fr\/club\/wp-json\/wp\/v2\/pages"}],"about":[{"href":"https:\/\/cosaclay.fr\/club\/wp-json\/wp\/v2\/types\/page"}],"author":[{"embeddable":true,"href":"https:\/\/cosaclay.fr\/club\/wp-json\/wp\/v2\/users\/1"}],"replies":[{"embeddable":true,"href":"https:\/\/cosaclay.fr\/club\/wp-json\/wp\/v2\/comments?post=22"}],"version-history":[{"count":9,"href":"https:\/\/cosaclay.fr\/club\/wp-json\/wp\/v2\/pages\/22\/revisions"}],"predecessor-version":[{"id":538,"href":"https:\/\/cosaclay.fr\/club\/wp-json\/wp\/v2\/pages\/22\/revisions\/538"}],"wp:attachment":[{"href":"https:\/\/cosaclay.fr\/club\/wp-json\/wp\/v2\/media?parent=22"}],"curies":[{"name":"wp","href":"https:\/\/api.w.org\/{rel}","templated":true}]}}

<p>Présidente : Véronique SAINT-AMAND &#8211; Tél : 01 69 35 08 87<br />
<a href="mailto:v.saint-amand@orange.fr">v.saint-amand@orange.fr</a></p>
<p>Le dimanche à 8h 30 au gymnase de Favreuse pour les départs marche ou course de 2 ou 3h dans les vallées proches de Saclay.</p>
<p><a href="http://cosaclay.fr/Sections/Course/p01.png"><img decoding="async" class="alignnone size-full wp-image-114" src="http://cosaclay.fr//Sections/Course/p01.png" alt="Marche" width="400" /></a></p>
<p><a href="http://cosaclay.fr/Sections/Course/p02.png"><img decoding="async" class="alignnone size-full wp-image-114" src="http://cosaclay.fr//Sections/Course/p02.png" alt="Marche" width="400" /></a></p>
<p><a href="http://cosaclay.fr/Sections/Course/p03.png"><img decoding="async" class="alignnone size-full wp-image-114" src="http://cosaclay.fr//Sections/Course/p03.png" alt="Marche" width="400" /></a></p>
<p><a href="http://cosaclay.fr/Sections/Course/p04.png"><img decoding="async" class="alignnone size-full wp-image-114" src="http://cosaclay.fr//Sections/Course/p04.png" alt="Marche" width="400" /></a></p>

<p>Présidente : Véronique SAINT-AMAND &#8211; Tél : 01 69 35 08 87 v.saint-amand@orange.fr Le dimanche à 8h 30 au gymnase de Favreuse pour les départs marche ou course de 2 ou 3h dans les vallées proches de Saclay.</p>
