{"id":158,"date":"2013-06-06T08:10:11","date_gmt":"2013-06-06T06:10:11","guid":{"rendered":"http:\/\/cosaclay.fr\/club\/?page_id=158"},"modified":"2022-06-09T14:50:25","modified_gmt":"2022-06-09T12:50:25","slug":"club-omnisports-de-saclay","status":"publish","type":"page","link":"https:\/\/cosaclay.fr\/club\/club-omnisports-de-saclay\/","title":{"rendered":"Club Omnisports de Saclay"},"content":{"rendered":"<p><strong>Pr\u00e9sident<\/strong> : Herv\u00e9 ROUSSEAU &#8211; T\u00e9l : 06 48 50 61 74<\/p>\n<p><strong>Vice-Pr\u00e9sidente<\/strong> : Caroline GOMEZ<\/p>\n<p><strong>Tr\u00e9sori\u00e8re<\/strong> : Saena GUILLON<\/p>\n<p><strong>Tr\u00e9sori\u00e8re Adjointe<\/strong> : Laur\u00e8ne RABY<\/p>\n<p><strong>Tr\u00e9sorier Adjoint<\/strong> : Dominique BREUT<\/p>\n<p><strong>Secr\u00e9taire<\/strong> : Denis DESOUBZDANNE<\/p>\n<p><strong>Responsable Animations<\/strong> : Isabelle ALONSO<\/p>\n<p><strong>Adresse du C.O.S<\/strong>. &#8211; Mairie de SACLAY 12, place de la mairie &#8211; 91400 SACLAY &nbsp; &nbsp; &nbsp; &nbsp; &nbsp; &nbsp; &nbsp; &nbsp; &nbsp; &nbsp;&nbsp; <strong>T\u00e9l<\/strong> : 01 69 85 32 07<br><strong>Identifiant SIRET<\/strong> : 326 753 373 00025<\/p>\n<p><a href=\"https:\/\/club-omnisports-saclay.assoconnect.com\/page\/639846-presentation\"><span style=\"color: #ff00ff;\"><strong>Nouveau site pour le Club Omnisports de Saclay ! Cliquez ici.<\/strong><\/span><\/a><\/p>\n<p><\/p>\n\n\n<p><\/p>\n","protected":false},"excerpt":{"rendered":"<p>Pr\u00e9sident : Herv\u00e9 ROUSSEAU &#8211; T\u00e9l : 06 48 50 61 74 Vice-Pr\u00e9sidente : Caroline GOMEZ Tr\u00e9sori\u00e8re : Saena GUILLON Tr\u00e9sori\u00e8re Adjointe : Laur\u00e8ne RABY Tr\u00e9sorier Adjoint : Dominique BREUT Secr\u00e9taire : Denis DESOUBZDANNE Responsable Animations : Isabelle ALONSO Adresse &hellip; <a href=\"https:\/\/cosaclay.fr\/club\/club-omnisports-de-saclay\/\">Continuer la lecture <span class=\"meta-nav\">&rarr;<\/span><\/a><\/p>\n","protected":false},"author":1,"featured_media":0,"parent":0,"menu_order":0,"comment_status":"closed","ping_status":"open","template":"","meta":[],"_links":{"self":[{"href":"https:\/\/cosaclay.fr\/club\/wp-json\/wp\/v2\/pages\/158"}],"collection":[{"href":"https:\/\/cosaclay.fr\/club\/wp-json\/wp\/v2\/pages"}],"about":[{"href":"https:\/\/cosaclay.fr\/club\/wp-json\/wp\/v2\/types\/page"}],"author":[{"embeddable":true,"href":"https:\/\/cosaclay.fr\/club\/wp-json\/wp\/v2\/users\/1"}],"replies":[{"embeddable":true,"href":"https:\/\/cosaclay.fr\/club\/wp-json\/wp\/v2\/comments?post=158"}],"version-history":[{"count":30,"href":"https:\/\/cosaclay.fr\/club\/wp-json\/wp\/v2\/pages\/158\/revisions"}],"predecessor-version":[{"id":917,"href":"https:\/\/cosaclay.fr\/club\/wp-json\/wp\/v2\/pages\/158\/revisions\/917"}],"wp:attachment":[{"href":"https:\/\/cosaclay.fr\/club\/wp-json\/wp\/v2\/media?parent=158"}],"curies":[{"name":"wp","href":"https:\/\/api.w.org\/{rel}","templated":true}]}}