{"id":12,"date":"2013-05-20T16:51:29","date_gmt":"2013-05-20T14:51:29","guid":{"rendered":"http:\/\/cosaclay.fr\/club\/?page_id=12"},"modified":"2023-03-07T17:57:03","modified_gmt":"2023-03-07T16:57:03","slug":"basket","status":"publish","type":"page","link":"https:\/\/cosaclay.fr\/club\/basket\/","title":{"rendered":"Basket"},"content":{"rendered":"\n<p>Co-pr\u00e9sidentes :<br>G\u00e9raldine REBOUL &#8211; T\u00e9l : 06 77 06 91 17<br>Carole COTENE &#8211; T\u00e9l : 06 70 08 17 77<br><a href=\"mailto:basketpdt.saclay@gmail.com\">basketpdt.saclay@gmail.com<\/a><\/p>\n\n\n\n<p><a href=\"https:\/\/basket.cosaclay.fr\/\">Acc\u00e9dez au Blog du basket <\/a><\/p>\n\n\n\n<p><a href=\"https:\/\/www.facebook.com\/BasketSaclay\/\" target=\"_blank\" rel=\"noopener noreferrer\"><img decoding=\"async\" loading=\"lazy\" src=\"\/Sections\/Basket\/Facebook_icon.jpg\" alt=\"Facebook_icon\" width=\"40\" height=\"30\" border=\"0\" align=\"absmiddle\"><\/a> Rejoignez-nous sur Facebook pour suivre l&rsquo;actualit\u00e9 du club.<\/p>\n\n\n\n<p><a href=\"\/Sections\/Basket\/Formation e-marque.pdf\" target=\"_blank\" rel=\"noopener noreferrer\"><img decoding=\"async\" loading=\"lazy\" src=\"\/Sections\/Basket\/emarque.png\" alt=\"emarque\" width=\"40\" height=\"40\" border=\"0\" align=\"absmiddle\"><\/a> Guide d&rsquo;utilisation du logiciel e-marque<\/p>\n","protected":false},"excerpt":{"rendered":"<p>Co-pr\u00e9sidentes :G\u00e9raldine REBOUL &#8211; T\u00e9l : 06 77 06 91 17Carole COTENE &#8211; T\u00e9l : 06 70 08 17 77basketpdt.saclay@gmail.com Acc\u00e9dez au Blog du basket Rejoignez-nous sur Facebook pour suivre l&rsquo;actualit\u00e9 du club. Guide d&rsquo;utilisation du logiciel e-marque<\/p>\n","protected":false},"author":1,"featured_media":0,"parent":0,"menu_order":0,"comment_status":"closed","ping_status":"closed","template":"","meta":[],"_links":{"self":[{"href":"https:\/\/cosaclay.fr\/club\/wp-json\/wp\/v2\/pages\/12"}],"collection":[{"href":"https:\/\/cosaclay.fr\/club\/wp-json\/wp\/v2\/pages"}],"about":[{"href":"https:\/\/cosaclay.fr\/club\/wp-json\/wp\/v2\/types\/page"}],"author":[{"embeddable":true,"href":"https:\/\/cosaclay.fr\/club\/wp-json\/wp\/v2\/users\/1"}],"replies":[{"embeddable":true,"href":"https:\/\/cosaclay.fr\/club\/wp-json\/wp\/v2\/comments?post=12"}],"version-history":[{"count":119,"href":"https:\/\/cosaclay.fr\/club\/wp-json\/wp\/v2\/pages\/12\/revisions"}],"predecessor-version":[{"id":952,"href":"https:\/\/cosaclay.fr\/club\/wp-json\/wp\/v2\/pages\/12\/revisions\/952"}],"wp:attachment":[{"href":"https:\/\/cosaclay.fr\/club\/wp-json\/wp\/v2\/media?parent=12"}],"curies":[{"name":"wp","href":"https:\/\/api.w.org\/{rel}","templated":true}]}}